culate the highest common divisor of z and 154.
22
Let t = 2574 + -2556. Suppose -7*j + 12*j = 0. Suppose 0*c + c - 9 = j. What is the greatest common factor of t and c?
9
Let t be (17/(-1))/(44/20 + -2). Let f = t - -128. Suppose -3*b + 118 - f = 0. Calculate the highest common factor of 5 and b.
5
Let z be (-2184)/(-21) - 2*-1. Suppose 0 = -4*c + 2*t + z, c = t + 27 - 0. Let g = 44 - c. What is the highest common factor of 12 and g?
6
Let y be 15 + (2285 + -14)/1. Calculate the highest common factor of 45 and y.
9
Let c(g) = 13*g - 26. Let s = -44 - -53. Let u be c(s). Calculate the greatest common divisor of 26 and u.
13
Let r be (-1*4/(-10))/(25/(-6875)). Let j be (-88)/(-132) + r/(-6). What is the highest common factor of j and 57?
19
Let n = 146 - 137. Let s be (-3)/(0 - n/2208). Calculate the highest common factor of s and 46.
46
Suppose o - 8910 = -3*o - 77*o. What is the highest common divisor of 9130 and o?
110
Let q = -7 - -13. Let r be ((-10)/(-30))/(1/q). Let s be (539/(-22))/((-1)/r). Calculate the greatest common factor of 7 and s.
7
Let l be 6 + 1 + (-6 - -2 - -1). Let w be (147/(-14))/(-7)*l. What is the highest common factor of w and 102?
6
Suppose 5*x + 6 - 41 = 0. Let q(o) = 27*o + 8. Let t(v) = -13*v - 4. Let u(k) = 2*q(k) + 5*t(k). Let l be u(-1). What is the greatest common divisor of l and x?
7
Suppose 15*n - 9*n = 248 + 232. Calculate the highest common divisor of n and 760.
40
Let r be 152/26 - (144/78 - 2). Suppose -11*h + 60 = -r. What is the greatest common divisor of 3 and h?
3
Suppose 55379 = 3*p + 10223. Calculate the highest common divisor of p and 284.
284
Let n = 243 - 243. Suppose 9*z - 41*z + 320 = n. What is the highest common factor of 170 and z?
10
Let m(w) = w**3 - 7*w**2 - 7*w - 1. Let v be m(8). Let y be (((-135)/10)/9)/(6/(-824)). Let g = y + -115. Calculate the highest common factor of g and v.
7
Suppose 3*q = -2*g + 150, 0*q + 3*g + 50 = q. Suppose 133 = 8*k + 85 - 192. Calculate the highest common divisor of q and k.
10
Let q(r) = -22*r**2 + 1126*r + 50. Let w be q(37). What is the greatest common divisor of w and 17?
17
Let b be -5 + ((-9)/(0 + 3))/(-1). Let w be (-1)/(b/(-2)) - 0 - -3. Suppose -2*x = w*x - 192. Calculate the greatest common divisor of x and 6.
6
Let q(s) = -2*s**3 - 10*s**2 + 30*s + 18. Let i be q(-7). Let r be 285/9 + 1/12*i. What is the highest common divisor of r and 608?
32
Suppose 4 = -n + 3*o + o, -5*n = -4*o - 12. Suppose c + n*h - 15 = 3*h, 0 = -4*c + 5*h + 33. Calculate the highest common divisor of 300 and c.
12
Suppose -41 = 4*r - 145. Let l be ((-39)/r)/((-2)/20). Calculate the highest common factor of 20 and l.
5
Suppose -5 - 115 = -6*c. Suppose -c*y = -15*y - 120. Calculate the highest common divisor of 84 and y.
12
Suppose -14*d + 43 = -41. Let m(c) = -c**3 + 9*c**2 - 12*c + 33. Let p be m(d). Calculate the highest common divisor of p and 23.
23
Let l(i) = i**3 - 22*i**2 + 86*i + 5. Let a be l(17). Calculate the highest common divisor of a and 550.
22
Suppose -13*w + 3168 = 23*w. Suppose 0 = 2*a + 1 - 7. Suppose a*d = 2*d + 8. Calculate the highest common divisor of w and d.
8
Let z = 6970 + -5934. Calculate the greatest common divisor of 196 and z.
28
Suppose 4*d - b - 20 = 0, 3*d - 2*b - 24 = b. Suppose d*f - 357 = 987. What is the greatest common divisor of f and 42?
42
Suppose 15*p - 1484 = p - 0*p. What is the greatest common divisor of p and 7102?
106
Let b = 826 - 586. Let t(i) = 26*i + 1876. Let s be t(-66). What is the greatest common divisor of s and b?
80
Let i = -27011 + 38911. Let u be i/(-204)*12/(-10). Calculate the highest common factor of u and 10.
10
Let d be 7/(1/2 - 0). Let a = d + -8. Let t = 8243 + -8177. Calculate the greatest common factor of a and t.
6
Let u(h) = -124*h - 337. Let r be u(-7). Calculate the greatest common factor of r and 36.
9
Suppose 628 + 2370 = 13*c - 577. Calculate the highest common factor of 400 and c.
25
Let u(s) = s**3 - 14*s**2 + 105*s + 42. Let d be u(17). What is the greatest common factor of d and 18?
6
Let g be -8*(44/(-33) + ((-2620)/48)/5). What is the greatest common divisor of g and 476?
14
Suppose -1184 = -38*r + 36930. What is the highest common factor of r and 68?
17
Let k = -10418 + 10455. Let z(q) = 334*q - 1. Let f be z(1). Calculate the highest common divisor of f and k.
37
Let a(c) = 132*c - 230. Let o be a(6). Let j = o - 534. Let h = 1 + 3. What is the highest common factor of h and j?
4
Let f(g) = -g**3 + 592. Let j be f(0). Let b = 300693 - 300656. What is the greatest common divisor of b and j?
37
Suppose -4*r = 5*s - 347, 11*s = 6*s + 5*r + 320. Suppose -s - 153 = -5*a. Calculate the greatest common factor of 8 and a.
4
Suppose -156 - 14 = -10*f. Suppose -440 = -f*t + 12*t. Calculate the greatest common divisor of t and 8.
8
Suppose 5712 = 524*c - 891 - 3877. What is the highest common factor of c and 794?
2
Suppose -2*f = 4*u + u + 8, u + 3*f = -12. Suppose 14*s - 5*s - 27 = u. Let z be 2/(s - 1)*16. Calculate the greatest common factor of z and 16.
16
Suppose -4*g - 4*i - i + 13 = 0, g - 22 = 5*i. Suppose 8*b = 5*b + c - 4, 44 = 2*b + 4*c. Calculate the highest common divisor of g and b.
1
Suppose 4*u - 16 = -4*v, 2*v + 3*u + 2 = 13. Suppose 0 = -4*h + 5*h - v. Let p = 7 + h. Calculate the greatest common divisor of 56 and p.
8
Suppose -5*o = 5*v - 2980, -v - 2*o + 377 = -215. Let g = v - 316. Suppose -68 = 6*c - g. Calculate the highest common factor of c and 12.
12
Let i(z) = -68*z + 91. Let k be i(4). Let l = k + 221. What is the highest common divisor of l and 6?
2
Let i = 226 - -14. Let a be (12/5)/(36/i). Calculate the greatest common divisor of a and 2.
2
Let t be (-1)/(-2)*5*2. Suppose 60 = 4*a - 4*l, 4*a - 75 + 15 = -t*l. Suppose 24*z = 211 + 509. What is the highest common divisor of a and z?
15
Let l = 2829 - -1422. What is the greatest common divisor of 78 and l?
39
Let y = 19194 - 12009. What is the greatest common divisor of 15 and y?
15
Let l be ((-1)/5)/(33/55)*-228. Calculate the highest common factor of 874 and l.
38
Suppose -66 = -2*i - 4*c + 50, 0 = 4*i - 2*c - 212. Let p be -5 - -5 - 3*-10. Calculate the highest common factor of i and p.
6
Let l be (42/(-196)*-14)/((-9)/(-19410)). What is the greatest common factor of l and 10?
10
Let s(v) = 34*v**3 + 5*v**2 - 2*v - 1. Let f be s(1). Let w be (-13 - 5)/(6/(-8)). What is the greatest common divisor of w and f?
12
Suppose 7*x = 46*x + 178167 - 661221. What is the greatest common factor of x and 22?
22
Let v = -4599 + 4763. Calculate the highest common factor of v and 574.
82
Let m be (-76)/(-3) - 4/(-6). Let s = -411 - -411. Suppose s = 4*u - 8, 3*u - 5*u - 386 = -5*t. What is the highest common factor of m and t?
26
Let s = -15 - -18. Suppose 3*y + 6 - 18 = 0, 2*j - 8 = -s*y. Let c(a) = -a**3 + a**2 + 2*a. Let m be c(j). What is the greatest common divisor of m and 8?
8
Suppose 2*j + 1096 = 4*t, 3*t - 16*j = -18*j + 815. Calculate the greatest common divisor of t and 26.
13
Let g = 14778 - 13162. Calculate the highest common divisor of g and 101.
101
Let b be (-28)/(-16)*(41 + -5). What is the highest common factor of 1281 and b?
21
Let p = -3069 + 3075. Calculate the highest common divisor of p and 573.
3
Let j be 1 - (-1)/(1/46). Let c = -257 + 680. Calculate the greatest common factor of c and j.
47
Suppose -11 = -v - f + 32, -8*f + 74 = 2*v. Calculate the highest common divisor of v and 5571.
9
Suppose 3*n + s = 20, 3*n = s + 1 + 15. Let t be (-4)/4 + n - -6. Let p be -2*(1/2)/(-1). What is the greatest common factor of p and t?
1
Let y = -21045 - -21068. Calculate the greatest common divisor of 2369 and y.
23
Let m(i) = 7*i**2 - 76*i + 34. Let d(f) = -7*f**2 + 77*f - 35. Let b(c) = 2*d(c) + 3*m(c). Let j be b(14). What is the greatest common factor of j and 16?
16
Let f(t) = -t**3 - 5*t**2 - 10*t - 24. Let a be f(-4). Suppose a = j + 3*o - 2*o - 81, -4*j = 3*o - 327. What is the greatest common factor of 105 and j?
21
Let a be (-21)/(-14)*-1*-2. Let k be (-112)/168 - (-92)/a. Calculate the greatest common divisor of 10 and k.
10
Let m(y) = 4*y - 1. Let s be m(8). Suppose 10*d - s = 339. Calculate the greatest common divisor of 37 and d.
37
Let p(y) = 22*y**3 + y - 1. Let m be p(1). Let f(k) = -k**3 - 13*k**2 + 